s 1 + (-1 - 4) - ((-78 - 0) + -3840 + 3834)?
80
Evaluate 14 - (-38 + 14 + -14 + 12 + -8).
48
What is ((-18 - 6) + 6 - (31 - 23)) + (2 - 0)?
-24
Evaluate (2 - 2 - 13 - (-463 - -465)) + 46.
31
14 + -5 + -52 + (1 - 8 - -3)
-47
Calculate 22 + (-3 + 21 - -1) + 1072 + -1028.
85
Calculate (-2379 - -2312) + (17 - -2).
-48
What is the value of (-61 - (-28 + -10)) + 105 + -3?
79
Calculate 2 - ((2 - 3) + -7) - (74 + -164 + 110).
-10
What is the value of 64 + 23 + (-16 - 13 - -6) + 3 + -2?
65
Evaluate -51 + (36 - 14) + 52.
23
Calculate -36 - 0 - (-19 + -7 + 19 + 6).
-35
71 - 2 - (341 - 310)
38
Evaluate 56 - ((-13 - -19) + 2 + (1 - 6)).
53
What is the value of 98 - (124 + -196) - 36?
134
Calculate 54 - 2 - (2 - (-15 - (2 - (7 - -3)))).
43
Evaluate 11 - (0 + -10 + 13).
8
Evaluate 6 + (20 + -61 + 22 - 12).
-25
What is 21 + -15 + (21 - 13) - (-1 - -71)?
-56
(-1 + 0 - (6 - 21) - (-1437 + 1445)) + 0
6
109 - ((43 - 139) + 257)
-52
What is the value of -3 + 17 + -11 + 24 + -12?
15
Calculate -57 + (37 - -25) + 33.
38
(-37 - 15) + -37 + 88
-1
Calculate -166 - (-29 + 3) - (-3 - (5 + -2 - 11)).
-145
What is the value of 25 + -61 + 28 + (-1 + 0 + -4 - -2)?
-11
Calculate (-21 - -28 - -9) + -13 + 0 + -2.
1
What is the value of -1 - (26 + -38) - (67 - -1) - (-7 - -4)?
-54
What is 9 + (3 - (9 - 15) - -33)?
51
Evaluate 18 - (-1 + 12 + (-23 + 3 - -11)).
16
Calculate -338 + 308 - (-4 - (-5 + 109)).
78
What is (1 - 2) + 78 + 29 - (-98 + 112)?
92
What is 67 + -70 - (0 + (-46 - (5 + -1)))?
47
What is 3 - (-2 - -97) - ((82 - 130) + 37) - -9?
-72
Calculate 8 + (-19 - (-14 - -15)) + 23.
11
What is 17 + (-1 - 8 - 10) + -1?
-3
What is -41 - (-21 - (-47 + 130 + -34))?
29
Evaluate (-11 - -7) + 8 + -64 + 33.
-27
4 + (-8 - 4) + 28 - (238 + -256)
38
(-2 - (-2 - -10)) + 4 + -1 + -1 + -1
-9
What is 1369 + -1332 + -3 + -2 + 6?
38
Evaluate 39 + (1804 - 1819) + 11 + 0 + -1.
34
Calculate 58 + 1 + 11 + -110 + 92.
52
What is 24 - (-29 + 42 - -19 - -20)?
-28
2 - ((-4 + 13 - 9) + -10 + 3 - -32)
-23
Evaluate -23 + 10 + -5 + -24 - (1 + -10).
-33
What is the value of (120 + -62 - 60) + (1 - 2 - (1 - -60))?
-64
What is the value of 121 - (104 - (-26 - -57))?
48
What is the value of 4 + (9 - (-13 - (-1 + -23)) - 41)?
-39
What is the value of (77 - (-21 - -55)) + -7 + (-4 - (8 + -20))?
44
What is (-94 + 172 - 84) + (101 - 2) + -1?
92
What is the value of (6 - 10) + 4 + (-37 - 15 - -11 - -20)?
-21
Evaluate -9 + -35 + -4 + (6 - (-3 + 8)).
-47
What is the value of -16 - (17 + (12 + 2 - 15))?
-32
Evaluate 157 + -127 + -12 + -86.
-68
Calculate 0 - (0 + -4 + 6 + 3 + -1 - 13).
9
Evaluate -3 + 22 + (-35 - (67 + -7)).
-76
-7 + (-38 - (-52 - 2))
9
Evaluate -179 - (21 + 49 + -217).
-32
(10 - (-34 + 31)) + -15 + -2 + -6 + 2
-8
Evaluate 9 - ((78 - -5) + (16 - 46 - -15)).
-59
Evaluate -4 - ((-43 - -4) + -2) - (19 - 9 - 5).
32
Evaluate 17 - (7 + -27 - -95) - (1 - (4 - 0)).
-55
Calculate (2364 - 2405) + (122 - -5).
86
Calculate (-80 - -21) + -36 - -55.
-40
Evaluate -1 + (-4 - 4) - (29 + (0 - 154)).
116
Evaluate (5 - (37 - (9 - -50))) + 30.
57
Evaluate 13 - (87 + -92 - (-31 + 1)).
-12
Evaluate -79 + -4 + 7 + (-25 - -22) + 12.
-67
(-45 - 7) + (10 - 23) + -7 + 12
-60
What is the value of -14 + 33 + (-6 - 5) - 4?
4
6 + (11 - (59 - 7))
-35
Evaluate 16 + (10 + -35 - -40) + -16 + 0.
15
(1 - (9 + (-29 - 8) + 2)) + -14
13
(14 + -26 - -25) + -10 + 6 - (-33 + -2)
44
What is -34 - (29 - (9 - (-8 + 58)))?
-104
(-44 - -35) + -38 + 61
14
What is the value of -3 + 1 - (22 + 26 + -43 + (2 - 1))?
-8
Evaluate 47 - (6 + 12 + -8 + -27 + (4 - -8)).
52
Calculate -86 + (0 - 10) + (-4 - (2 + -2) - -4).
-96
(23 - (0 - 31)) + -43
11
What is 39 - (-36 + 48 - -53)?
-26
What is -50 + (-29 + (-16 - -50) - (1 + 2) - -6)?
-42
What is the value of -6 + (60 - (7 + -5))?
52
What is the value of -37 + (9 - 5) - (18 + -38 - 3 - -19)?
-29
What is the value of -4417 + 4408 + -1 + 4 + -5 + -2 + 104?
91
What is -7 + -89 - (-134 + 90)?
-52
What is -10 + (-15 - (-25 + 19 + 5))?
-24
Evaluate 37 - (4 + (-82 - -47)).
68
What is -25 + -15 + (40 - 26) - -32?
6
Calculate (-12 - (-12 + 11 + (8 - 12))) + -9.
-16
Calculate (1 + -14 - (-36 - (-43 + 61))) + 7 + -1.
47
Calculate -2 + (30 - 2) - (21 - (9 + -1)).
13
Calculate (-20 - -10) + 33 + (1 - (2 + -4 + -8)).
34
Evaluate (-4 + -1 - 31) + (-5 - -11) + 1.
-29
Calculate -11 + 8 + 22 - (-24 + 3).
40
Evaluate (1398 - 1411) + (1 - 4 - -39) + -1.
22
What is the value of 1 + -9 + -7 - 3 - (182 + -182)?
-18
What is the value of 14 - (71 + 39 + -16 + -18)?
-62
Evaluate (88 - (87 + 5)) + -80.
-84
Evaluate -61 - -37 - -61 - 67.
-30
Evaluate (35 - (17 - 29)) + -49.
-2
Evaluate 21 + 60 + -89 + 52.
44
What is the value of -19 + 25 - (-1 + 3 - (2 - -31))?
37
What is (-28 - (18 + (-10 - 7))) + 16?
-13
Evaluate (335 - 301) + (-38 - 0).
-4
What is 12 - (13 + -21 + 1 + -8 + 14 - 38)?
51
What is the value of -9 - 33 - -11 - -12 - -9 - -4 - -14?
8
What is 39 - (8 + (-13 - -3) + 1 + 4)?
36
(30 - 65) + 5 + -1 - (-19 - (-23 - -13))
-22
5 + (13 + 17 + -32 - 7)
-4
Calculate (3 - (-16 - -8 - -13)) + -4 + -4.
-10
Calculate 59 + 3 + (95 - (122 + 22)).
13
Calculate (-314 - -310) + (0 - ((-1 - 0) + 44)).
-47
(-7 - 1) + (-59 - (-23 + -38)) + -11
-17
Evaluate -12 - 2 - (-15 + -84 + 102 + (0 - 100)).
83
What is 19 - 19 - (70 + -57 + 52 + -1 + -3)?
-61
What is the value of -11 + 2 - (-3 - 27 - -30)?
-9
-9 + (103 + -117 - (1 + -14)) + 24
14
Evaluate (-32 - -12) + 54 - (-3 - (3 + 4 + -6)).
38
What is (-2 - -1) + (-21 - (47 - 91)) + 15?
37
(38 - (2 + 0)) + -204 + -47 + 258
43
Calculate (1 - 45 - (-1 + -6)) + -3 + (10 - 2).
-32
Evaluate 1521 + -1409 + -197 + 10.
-75
Calculate (-21 - (6 - (47 + -8))) + -71.
-59
What is the value of (-129 - -84) + -74 - (0 - 30)?
-89
What is the value of (50 - 23 - -13) + -27 - 51?
-38
(-1 - 38) + 1359 + -1253
67
16 - (15 + (9 + 6 + -16 - 26))
28
What is the value of 45 + (-11 + 32 + -226 - -34)?
-126
What is 514 - 398 - (-7 + (2 + -4 - -6) + 14)?
105
Calculate 42 - (-62 - (-62 + -17)).
25
What is the value of (-4 - (31 + -6)) + 303 + -283?
-9
What is 103 + -92 - (-6 + 68)?
-51
(-46 - -14 - -11) + (-49 + 7 - 11)
-74
Evaluate -124 - -55 - -6 - -49.
-14
What is the value of 42 + (-64 - -139) + -151?
-34
What is the value of 8 + 48 + -20 + (11 - 17) + 15?
45
Evaluate -9 + 93 + -7 - (-134 + 141).
70
Calculate -22 - (47 - 90) - 13.
8
Calculate 4 + -22 - -2 - (-69 - -50).
3
What is the value of (-7 + -2 - -2) + -75 + 74 + -2 + 6?
-4
Calculate (-58 - (63 - 93)) + 136.
108
(49 - -12) + -95 - -66
32
What is the value of (12 - 36) + 35 - (58 - 30)?
-17
14 + -63 + 167 + -116
2
-19 + 29 + (19 - 23) + -22
-16
Evaluate -42 - (39 + -29 + -95).
43
What is the value of 6 - 67 - (-6 - (-8 + 7 + 7))?
-49
What is 29 + (-19 + 49 - 44) - (-1 - 5)?
21
What is the value of 0 - (24 + 5 - (-4 + 14 + (0 - 1)))?
-20
Evaluate -3 + (0 + (0 - 6) - (-15 - -12 - -32)).
-38
What is the value of 1 - (-5 - -32 - 4)?
-22
What is the value of 6 + 0 - 10 - (9 + -23) - (13 + 1)?
-4
What is 43 - ((-23 - -35) + -5 - (9 - (1 + -1)))?
45
Calculate (5 - -65) + (99 - (-67 + 139)).
97
Evaluate 20 + (0 - 0) + 274 + -49 + -218.
27
What is -76 + 90 - ((2 - 1) + 12) - -32?
33
What is 14 - ((2 + 14 - (-71 - -18)) + -7)?
-48
Calculate (36 + -23 - 50) + -14.
-51
What is 15 - 1 - (-30 + (-4 - (21 + -9)))?
60
Evaluate -2 + 52 - (1915 - 1862).
-3
87 + 66 + -124 - 59
-30
Evaluate 560 + -576 - (81 + -6).
-91
What is 1 + -20 + (20 + -4 - (51 + -52))?
-2
9 + (15 + -13 - 12) - (17 - 165 - -15)
132
Evaluate 54 + -8 + 20 + -37.
29
(-10 - 3) + (-12 - (3 + -13 + 5))
-20
Calculate 0 + 21 + -2521 + 2524.
24
Calculate -68 + -113 + 80 - -88.
-13
Evaluate -7 - (-60 + 0 - -63).
-10
What is the value of (-40 - -18) + -16 - (0 + 1 + 3 - 7)?
-35
Calculate -3 + 4 + 6 - (25 - (40 - -7)).
29
Evaluate -7 + 6 + -13 + -10 + -1.
-25
Evaluate (11 - 1) + -14 + 11 + 5 + 19.
31
Evaluate -91 - (-15 + (52 - 140)).
12
What is 0 - -65 - ((-19 - -42) + -29) - -7?
78
What is -19 - (-80 - (235 - 156))?
140
What is the value of -29 + (4 - (35 - 38)) + -60?
-82
Evaluate (-15 - (-1 + 7 + -4) - (-168 - -160)) + -100.
-109
Evaluate -15 + (26 + -7 - (15 - -1)) + 102.
90
Evaluate -10 + (-17 - (-31 - -90) - (2 + -3)).
-85
What is the value of 33 - 2 - (-17 + 21 + (-2 - -11))?
18
What is the value of (-49 - 18) + 41 + (10 